{"id":13,"date":"2025-05-06T22:44:24","date_gmt":"2025-05-06T19:44:24","guid":{"rendered":"https:\/\/turunsilmalasipaja.fi\/?page_id=13"},"modified":"2025-05-14T11:47:43","modified_gmt":"2025-05-14T08:47:43","slug":"etusivu","status":"publish","type":"page","link":"https:\/\/turunsilmalasipaja.fi\/","title":{"rendered":"Etusivu"},"content":{"rendered":"<p>[et_pb_section fb_built=&#8221;1&#8243; _builder_version=&#8221;4.22.0&#8243; _module_preset=&#8221;default&#8221; use_background_color_gradient=&#8221;on&#8221; background_color_gradient_stops=&#8221;rgba(195,163,93,0.5) 0%|rgba(195,163,93,0.5) 100%&#8221; background_color_gradient_overlays_image=&#8221;on&#8221; background_image=&#8221;https:\/\/turunsilmalasipaja.fi\/wp-content\/uploads\/turun-paja-test.jpg&#8221; global_colors_info=&#8221;{}&#8221;][et_pb_row _builder_version=&#8221;4.22.0&#8243; _module_preset=&#8221;default&#8221; global_colors_info=&#8221;{}&#8221;][et_pb_column type=&#8221;4_4&#8243; _builder_version=&#8221;4.22.0&#8243; _module_preset=&#8221;default&#8221; global_colors_info=&#8221;{}&#8221;][et_pb_image src=&#8221;https:\/\/turunsilmalasipaja.fi\/wp-content\/uploads\/Turun-silmalasipaja-v2.svg&#8221; title_text=&#8221;Turun silm\u00e4lasipaja v2&#8243; align=&#8221;center&#8221; _builder_version=&#8221;4.27.4&#8243; _module_preset=&#8221;default&#8221; width=&#8221;50%&#8221; hover_enabled=&#8221;0&#8243; global_colors_info=&#8221;{}&#8221; sticky_enabled=&#8221;0&#8243;][\/et_pb_image][\/et_pb_column][\/et_pb_row][\/et_pb_section][et_pb_section fb_built=&#8221;1&#8243; _builder_version=&#8221;4.22.0&#8243; _module_preset=&#8221;default&#8221; background_color=&#8221;#3E2C1C&#8221; global_colors_info=&#8221;{}&#8221;][et_pb_row _builder_version=&#8221;4.22.0&#8243; _module_preset=&#8221;default&#8221; global_colors_info=&#8221;{}&#8221;][et_pb_column type=&#8221;4_4&#8243; _builder_version=&#8221;4.22.0&#8243; _module_preset=&#8221;default&#8221; global_colors_info=&#8221;{}&#8221;][et_pb_text _builder_version=&#8221;4.22.0&#8243; _module_preset=&#8221;default&#8221; text_text_color=&#8221;#F0E0B4&#8243; header_text_color=&#8221;#F0E0B4&#8243; header_2_text_color=&#8221;#F0E0B4&#8243; text_orientation=&#8221;center&#8221; global_colors_info=&#8221;{}&#8221;]<\/p>\n<h1>Perinteist\u00e4 silm\u00e4lasien korjausta Turusta<\/h1>\n<h2>Vanhan liiton k\u00e4sity\u00f6t\u00e4 \u2013 vuodesta 2008<\/h2>\n<p>Turun Silm\u00e4lasipaja tarjoaa huolellista ja kest\u00e4v\u00e4\u00e4 silm\u00e4lasien korjausta, jossa yhdistyv\u00e4t vanhan ajan ammattitaito ja nykyp\u00e4iv\u00e4n tarkkuus. Meille jokainen kehys on ainutlaatuinen \u2013 siksi korjaamme ne k\u00e4sin, rakkaudella ja osaamisella.<\/p>\n<h2>Korjaukset, hionnat ja varaosat \u2013 kaikki samasta pajasta<\/h2>\n<p>Olipa kyse katkenneista sangoista, l\u00f6ystyneist\u00e4 ruuveista tai linssien uusimisesta, me autamme. Pajaltamme saat my\u00f6s nen\u00e4tyynyt, ty\u00f6kalut ja tarvikkeet \u2013 kaiken mit\u00e4 silm\u00e4lasien kunnossapito vaatii. Palvelemme asiakkaita yksil\u00f6llisesti, nopeasti ja aina reilulla asenteella.<\/p>\n<p>[\/et_pb_text][\/et_pb_column][\/et_pb_row][\/et_pb_section]<\/p>\n","protected":false},"excerpt":{"rendered":"<p>Perinteist\u00e4 silm\u00e4lasien korjausta Turusta Vanhan liiton k\u00e4sity\u00f6t\u00e4 \u2013 vuodesta 2008 Turun Silm\u00e4lasipaja tarjoaa huolellista ja kest\u00e4v\u00e4\u00e4 silm\u00e4lasien korjausta, jossa yhdistyv\u00e4t vanhan ajan ammattitaito ja nykyp\u00e4iv\u00e4n tarkkuus. Meille jokainen kehys on ainutlaatuinen \u2013 siksi korjaamme ne k\u00e4sin, rakkaudella ja osaamisella. Korjaukset, hionnat ja varaosat \u2013 kaikki samasta pajasta Olipa kyse katkenneista sangoista, l\u00f6ystyneist\u00e4 ruuveista tai linssien [&hellip;]<\/p>\n","protected":false},"author":1,"featured_media":0,"parent":0,"menu_order":0,"comment_status":"closed","ping_status":"closed","template":"","meta":{"_et_pb_use_builder":"on","_et_pb_old_content":"<!-- wp:divi\/placeholder \/-->","_et_gb_content_width":"","footnotes":""},"class_list":["post-13","page","type-page","status-publish","hentry"],"_links":{"self":[{"href":"https:\/\/turunsilmalasipaja.fi\/index.php?rest_route=\/wp\/v2\/pages\/13","targetHints":{"allow":["GET"]}}],"collection":[{"href":"https:\/\/turunsilmalasipaja.fi\/index.php?rest_route=\/wp\/v2\/pages"}],"about":[{"href":"https:\/\/turunsilmalasipaja.fi\/index.php?rest_route=\/wp\/v2\/types\/page"}],"author":[{"embeddable":true,"href":"https:\/\/turunsilmalasipaja.fi\/index.php?rest_route=\/wp\/v2\/users\/1"}],"replies":[{"embeddable":true,"href":"https:\/\/turunsilmalasipaja.fi\/index.php?rest_route=%2Fwp%2Fv2%2Fcomments&post=13"}],"version-history":[{"count":4,"href":"https:\/\/turunsilmalasipaja.fi\/index.php?rest_route=\/wp\/v2\/pages\/13\/revisions"}],"predecessor-version":[{"id":53,"href":"https:\/\/turunsilmalasipaja.fi\/index.php?rest_route=\/wp\/v2\/pages\/13\/revisions\/53"}],"wp:attachment":[{"href":"https:\/\/turunsilmalasipaja.fi\/index.php?rest_route=%2Fwp%2Fv2%2Fmedia&parent=13"}],"curies":[{"name":"wp","href":"https:\/\/api.w.org\/{rel}","templated":true}]}}